of 6744 - (29 - 15)/(-14)?
6
Let b(g) = -1330*g + 1418. What is the units digit of b(1)?
8
Let g = -19525 + 30128. What is the units digit of g?
3
Let i be 20/90 - (-16)/9. Suppose i*h + 198 = s + 50, -h = -4*s + 585. Suppose 0*t + 264 = 4*j + 3*t, 2*j - 2*t = s. What is the tens digit of j?
6
Suppose -256*p + 8725932 + 7863117 = 6208249. What is the thousands digit of p?
0
Suppose -5*v + 2 = 4*g, -9 = 5*v - 5*g - 29. Let f = -171 - -168. What is the tens digit of (476/(-21))/(v/f)?
3
Let l be (2 - 835/6) + 3/18. Let x = 118 + l. Let b(y) = -7*y - 37. What is the units digit of b(x)?
6
Let f = 336 + -111. Suppose 4*c - 69 = -g, 5*g - 615 + f = -5*c. Let q = -51 + g. What is the tens digit of q?
3
Suppose 5*p - 20 = p. Suppose -b + p*b + 4*o = 32, b - 18 = -3*o. What is the units digit of (b - 1)/(20/790)?
9
Suppose -173*f + 527850 = -146*f. What is the hundreds digit of f?
5
Let y(l) = -l**2 - 11*l + 30. Let q be y(-13). Suppose -18 = q*g - 178. Suppose -4*u = -f - g, 6*u - 59 = u - f. What is the units digit of u?
1
Let b = 116 + 526. Suppose 751*p - 750*p - b = 0. What is the hundreds digit of p?
6
Let u = 82 + -81. Suppose 7*j = -u - 20. What is the tens digit of 20*j/36*-15?
2
Let o(i) = 2*i**2 + 6*i - 1 + 7 - 3*i**2. Let q be o(6). Suppose -q*l = 2*l - 24. What is the units digit of l?
3
Suppose -5*t - 80*d + 167905 = -85*d, -2*t - 5*d = -67099. What is the thousands digit of t?
3
Suppose -31*b = -23*b - 32. Suppose -4*p - 1678 = -4*u - 6*p, -437 = -u - b*p. What is the hundreds digit of u?
4
Let c = -183 - -187. Suppose 0 = c*m + 3*m - 1428. What is the units digit of m?
4
Let s = 67 - 67. Suppose 4*m = 2*v - 1004, -v = -s*m - m - 501. Suppose 0 = 3*j + 2*j - v. What is the hundreds digit of j?
1
Let y be (-6026)/13 + (756/182)/(-9). Suppose -3*k - 5*f = 998, -3*k + 2*f - 966 = -f. Let a = k - y. What is the hundreds digit of a?
1
Let s(o) = 2*o**2 + 200*o - 2714. What is the ten thousands digit of s(-173)?
2
Let y(j) = -j**2 + 14*j + 30. Let w(d) = 14*d + 29. Let v(n) = 3*w(n) - 2*y(n). What is the units digit of v(-13)?
3
Let p(o) = o**3 - 7*o**2 - 4*o - 25. Let y be p(11). Let d = 417 - y. What is the units digit of d?
2
Let j(b) = 403*b + 5. Suppose 0 = 8*x - 0*x - 8. What is the hundreds digit of j(x)?
4
Let a = 73350 + -9912. What is the tens digit of a?
3
Suppose i = -4, 0 = -u - i + 350 - 44. Let m = -1609 + 1438. Let a = m + u. What is the tens digit of a?
3
Suppose 35*d - 4234097 = 12*d - 84*d. What is the tens digit of d?
7
Let a be (-4)/18 + -8*(-122)/18. Suppose -59*g = -a*g - 775. Suppose -3*z + 94 + g = 0. What is the units digit of z?
3
What is the hundreds digit of (2/(3/(-2) - 0))/(5/(-15315))?
0
Let r(s) = 12*s + 74. Let g be r(-6). Let t be 537 + -5 + 4 + g. Suppose 6*z = t + 86. What is the tens digit of z?
0
Let d(z) = 18*z**3 + 5*z**2 - 11*z - 7. Let n(k) = -k**3 + k**2 - 2. Let u(a) = -d(a) + 4*n(a). What is the hundreds digit of u(-4)?
3
What is the units digit of (-4715)/1*-22*(-13)/(-286)?
5
Suppose -3*c + 12 = 24. Let z be (-6)/(0 - (-6)/c). Suppose -5*q + 650 = -2*i - 23, 0 = -z*q - 4*i + 516. What is the tens digit of q?
3
Suppose -4*b + 5729 = 5*r, 0 = 12*r - 8*r - 3*b - 4608. Suppose -5*w + 5721 = 2*y, w - 7*y - r = -9*y. What is the units digit of w?
3
Let d(m) be the second derivative of -7*m**3/3 - 151*m**2/2 - 106*m - 1. What is the hundreds digit of d(-19)?
1
Let o be (-1282)/(-6) + (-12)/(-9). Suppose o = -s + 899. What is the hundreds digit of s?
6
Let d = 112 - 109. Let v(o) = 41 - 45 - 11*o**2 + 4*o**3 + 5*o + 0*o**d. What is the units digit of v(4)?
6
Let i = -113 + 55. Let f = i + 42. What is the units digit of (258/8)/((-6)/f)?
6
Suppose -3*r + 5*a - 10 = 0, 4*r + 0 + 10 = 5*a. Suppose l + 5*p = -12, r*p = 4*l - 2*p - 18. What is the tens digit of -34 + 63 + (-3)/(l/2)?
2
Suppose 16*t = 11*t - 4*w + 480, -5*t + 470 = 2*w. Let q = 209 - t. What is the units digit of q?
7
Let g = -51352 + 99061. What is the tens digit of g?
0
Let d = 96 - 93. Suppose u + 35 = -3*u - d*b, -2*u - 4*b = 30. Let s(h) = -h**3 - 6*h**2 - 10*h + 7. What is the units digit of s(u)?
2
Suppose -49*b + 39*b + 250 = 0. Suppose -b*r = -29*r + 932. Suppose -5*n + 2*m + 316 = 0, 4*n + 4*m - r = -m. What is the tens digit of n?
6
Let o be 588 + -9 - (0 + 1). Let x = -70 + o. What is the units digit of x?
8
Suppose -2*a - 11 = 2*a - 5*l, -a + 4*l = 0. Let q = 69 - a. Suppose -2*y + 2 = 0, -n - 3*y + q = -0*n. What is the tens digit of n?
7
Let n(y) = -y**3 - 2*y**2 + 34*y - 4. Let h be n(-7). Let i be -1*(-3 - -237)*3/h. What is the tens digit of (i/8)/((-24)/64)?
7
Let t be (-7 + 8)*-139*(-1)/(-1). Let r = t + 770. What is the tens digit of r?
3
Suppose 0 = 5*c - 2*k + 43 - 14, 2*c + 5 = 3*k. Let l be (240/(-28))/((-8)/c + -1). What is the tens digit of (l/50)/(1/(-40))?
4
Let l(s) = -6*s**2 - 13*s - 23. Let j be l(11). Let n = -393 - j. What is the hundreds digit of n?
4
Suppose -4*u - 4*f = 1856, -18*u + 22*u + 5*f + 1861 = 0. What is the tens digit of u/(-6)*((-138)/(-9) - 10)?
0
Let v = -2 + 13. Suppose 3*k - 6*b + 10*b = -v, -2*k - 3*b - 9 = 0. Suppose 0*f + k*f + 2*x = 56, -x = f - 18. What is the tens digit of f?
2
Let j = 27 + -33. Let g be (j/(-9))/(1/3). Suppose -3*w + g*p + 212 = -0*w, 5*w - 358 = p. What is the units digit of w?
2
Let m = -41 + 49. Suppose m*h + 1540 = h. What is the hundreds digit of (22/4)/(-2*5/h)?
1
What is the units digit of (1/3)/(((-2)/8)/((-6421848)/608))?
3
Suppose 1 = -r + 3. Suppose -7*b - 2 = -30. Suppose 184 = b*j - 3*c, r*j = 4*j - 3*c - 92. What is the tens digit of j?
4
Suppose -5*n = -n - 5*h - 1558, h + 1163 = 3*n. What is the tens digit of n?
8
Suppose -5*h = -2*k - 83, k = 5*h + 4*k - 88. Suppose -5*s + 14*s = 45. Suppose 3 = -4*i - h, 31 = 2*f + s*i. What is the tens digit of f?
2
Suppose -98*o + 2916 = -95*o. Let r = o - 606. What is the units digit of r?
6
Suppose y - 3*u = 5454, -3*y - 27310 = -8*y + 5*u. What is the units digit of y?
6
Suppose -3*a + 1218 = 3*p, -2*p - 154 = a - 970. Suppose -p - 182 = -16*b. Let v = b + 118. What is the hundreds digit of v?
1
What is the tens digit of (-14)/(-98) - (700672/(-49))/4?
7
Let g(w) = -12*w**2 + 1631*w - 273. What is the thousands digit of g(103)?
0
What is the tens digit of (-3 + (-17016)/(-4))/((-51)/(-34))?
3
Suppose -4*l + 3963 = a, l = 11*a - 3*a - 31671. What is the hundreds digit of a?
9
Suppose -8*d = g - 12*d - 54242, 0 = 3*g - 2*d - 162726. What is the units digit of g?
2
Let p = 103 - 97. Suppose -4*i = -5*z - p, 5*z + 4*i + 6 = 4*z. What is the tens digit of (z + 8)*(16/12 - -2)?
2
Let c = 41 - -164. Suppose c*g - 7424 = 201*g. What is the tens digit of g?
5
Suppose -2*l + 167 = -107. Suppose -3*f = -2*f - l. Let w = f - 31. What is the tens digit of w?
0
Let f(t) be the first derivative of -2*t**2 - 40*t - 17. Let d be f(-11). Suppose -5*g - d*p + 552 = 0, g = -2*g + 4*p + 312. What is the hundreds digit of g?
1
Let p = 235 - -265. Let q = p - 309. What is the tens digit of q?
9
Let j = 601 + 226. Suppose 3*w + j = 3*r + 158, 0 = -r - 2*w + 232. What is the units digit of r?
6
Let o(m) be the second derivative of 19*m**3/6 - 4*m**2 - 76*m. What is the tens digit of o(17)?
1
Let p(r) = r + 2. Let f be p(-1). Let u(m) = m + 22. Let w be u(-11). Suppose f + w = 4*v. What is the units digit of v?
3
Suppose 5*y + 1347 = -j + 4*y, j + 1347 = 4*y. Let c = 2557 + j. What is the units digit of c?
0
Let g be 2*(2/(-6) + (-2136)/(-144)). Suppose g = -a + 430. What is the hundreds digit of a?
4
Let k(h) = -664*h - 9415. What is the ten thousands digit of k(-61)?
3
Suppose 5*l - 137 = 3*d, -4*l - 3*d - 2*d = -117. Let u be 2/(-5) + 22/5. Suppose t + 2 = 0, -u*t + l = 5*y - 3*t. What is the units digit of y?
6
Let q = 28304 + -19885. What is the tens digit of q?
1
Let z(y) = 157*y**2 - 454*y - 2735. What is the hundreds digit of z(-6)?
6
Let d = 2282 - 826. What is the thousands digit of d?
1
Let g = -2776 - -4216. Let w be g/(-50) - 1/5. Let u = -19 - w. What is the units digit of u?
0
Let f(g) be the first derivative of -5*g**2 + 36*g - 191. Let v = 16 + -20. What is the tens digit of f(v)?
7
Let y(o) = 45*o - 123. Let t = -265 + 281. What is the hundreds digit of y(t)?
5
What is the thousands digit of ((-61232)/(-2) - -2) +